hat is the highest common factor of 1 and 757?
1
Calculate the greatest common divisor of 2032 and 16.
16
Calculate the highest common factor of 1066 and 1476.
82
Calculate the highest common divisor of 388 and 22795.
97
Calculate the greatest common factor of 5427 and 162.
81
Calculate the greatest common divisor of 264 and 32.
8
What is the highest common factor of 4 and 1024?
4
Calculate the highest common factor of 1946 and 4.
2
What is the greatest common factor of 2560 and 20?
20
What is the greatest common divisor of 5103 and 105?
21
What is the greatest common factor of 688 and 168?
8
What is the highest common factor of 115 and 161?
23
Calculate the highest common factor of 1188 and 3828.
132
What is the greatest common factor of 20 and 328?
4
Calculate the highest common factor of 112 and 2736.
16
What is the highest common factor of 84 and 48?
12
Calculate the greatest common factor of 756 and 8127.
189
What is the greatest common divisor of 299 and 92?
23
Calculate the greatest common divisor of 33 and 616.
11
What is the greatest common divisor of 114 and 33003?
57
Calculate the highest common divisor of 59 and 2419.
59
Calculate the greatest common divisor of 1633 and 23.
23
What is the highest common divisor of 1290 and 30?
30
What is the highest common divisor of 288 and 544?
32
What is the highest common divisor of 42 and 154?
14
What is the highest common divisor of 7093 and 41?
41
Calculate the highest common factor of 456 and 4392.
24
Calculate the greatest common factor of 12 and 1452.
12
Calculate the greatest common divisor of 8225 and 25.
25
Calculate the greatest common divisor of 702 and 42.
6
What is the greatest common divisor of 1562 and 44?
22
What is the greatest common factor of 261 and 87?
87
Calculate the greatest common factor of 1593 and 54.
27
Calculate the highest common divisor of 20 and 230.
10
Calculate the highest common divisor of 6674 and 1420.
142
What is the greatest common factor of 518 and 1946?
14
Calculate the greatest common divisor of 435 and 5133.
87
Calculate the greatest common factor of 11414 and 26.
26
What is the highest common factor of 5076 and 94?
94
What is the greatest common factor of 23 and 437?
23
What is the highest common divisor of 7825 and 25?
25
Calculate the greatest common divisor of 90 and 90.
90
What is the highest common factor of 18 and 531?
9
Calculate the highest common divisor of 165 and 99.
33
What is the highest common factor of 1302 and 372?
186
Calculate the greatest common factor of 4740 and 180.
60
What is the highest common divisor of 202 and 31714?
202
What is the greatest common divisor of 100 and 23050?
50
What is the highest common divisor of 288 and 128?
32
Calculate the greatest common divisor of 204 and 6.
6
Calculate the greatest common factor of 42 and 24.
6
Calculate the highest common factor of 3036 and 198.
66
Calculate the highest common divisor of 1323 and 972.
27
What is the highest common divisor of 63 and 343?
7
What is the greatest common divisor of 404 and 64?
4
What is the highest common divisor of 71 and 2627?
71
What is the greatest common factor of 406 and 29?
29
Calculate the highest common factor of 1376 and 3870.
86
Calculate the highest common divisor of 620 and 40.
20
What is the highest common factor of 225 and 4695?
15
What is the greatest common divisor of 14 and 37?
1
Calculate the greatest common divisor of 1584 and 1776.
48
Calculate the highest common divisor of 85 and 136.
17
Calculate the highest common divisor of 1376 and 8.
8
Calculate the highest common factor of 856 and 1391.
107
What is the highest common factor of 19 and 60781?
19
Calculate the greatest common factor of 120 and 440.
40
Calculate the highest common divisor of 128 and 88.
8
Calculate the greatest common factor of 444 and 1665.
111
Calculate the highest common divisor of 92 and 28.
4
Calculate the greatest common divisor of 462 and 42.
42
Calculate the greatest common factor of 113 and 3842.
113
Calculate the greatest common factor of 2698 and 608.
38
What is the greatest common factor of 72 and 5436?
36
What is the greatest common divisor of 84 and 448?
28
Calculate the greatest common factor of 55 and 495.
55
What is the greatest common factor of 205 and 32431?
41
Calculate the highest common factor of 133 and 1311.
19
Calculate the highest common factor of 13 and 312.
13
Calculate the greatest common divisor of 4966 and 26.
26
Calculate the greatest common factor of 4 and 244.
4
Calculate the highest common divisor of 6850 and 100.
50
Calculate the greatest common factor of 57 and 13851.
57
What is the greatest common divisor of 225 and 495?
45
Calculate the highest common divisor of 434 and 4402.
62
Calculate the greatest common divisor of 1053 and 13.
13
Calculate the highest common factor of 128 and 952.
8
What is the greatest common divisor of 112 and 4144?
112
What is the greatest common divisor of 1001 and 77?
77
Calculate the highest common factor of 182 and 39.
13
Calculate the greatest common factor of 154 and 616.
154
What is the highest common factor of 186 and 124?
62
Calculate the greatest common divisor of 1606 and 730.
146
Calculate the highest common divisor of 65 and 1625.
65
What is the highest common factor of 2037 and 21?
21
Calculate the highest common divisor of 21 and 10101.
21
Calculate the highest common divisor of 30 and 580.
10
What is the highest common divisor of 1784 and 32?
8
Calculate the greatest common factor of 54 and 48.
6
What is the greatest common divisor of 24 and 276?
12
What is the highest common divisor of 48 and 1104?
48
What is the highest common factor of 483 and 69?
69
Calculate the highest common factor of 13 and 10751.
13
What is the greatest common divisor of 10605 and 105?
105
Calculate the greatest common divisor of 99 and 24882.
33
What is the highest common factor of 110 and 1045?
55
Calculate the greatest common divisor of 426 and 3124.
142
What is the highest common divisor of 2100 and 84?
84
What is the highest common divisor of 145 and 720?
5
What is the highest common factor of 80 and 2780?
20
What is the greatest common divisor of 16 and 7928?
8
Calculate the greatest common divisor of 1900 and 125.
25
Calculate the highest common divisor of 8 and 276.
4
Calculate the highest common factor of 45 and 1665.
45
Calculate the greatest common divisor of 9982 and 23.
23
Calculate the greatest common factor of 2318 and 38.
38
What is the highest common divisor of 19845 and 189?
189
What is the highest common factor of 2616 and 24?
24
Calculate the highest common factor of 22 and 2794.
22
What is the highest common factor of 450 and 240?
30
What is the highest common divisor of 7 and 2?
1
What is the highest common factor of 714 and 21?
21
Calculate the highest common divisor of 294 and 72.
6
Calculate the greatest common factor of 1407 and 21.
21
What is the highest common divisor of 708 and 228?
12
Calculate the greatest common divisor of 42 and 98.
14
Calculate the highest common divisor of 1274 and 392.
98
What is the highest common factor of 357 and 34?
17
Calculate the greatest common factor of 78 and 702.
78
What is the greatest common divisor of 95 and 1501?
19
Calculate the highest common divisor of 11368 and 98.
98
Calculate the greatest common divisor of 84 and 84.
84
What is the highest common divisor of 32 and 7712?
32
What is the greatest common divisor of 14 and 5?
1
What is the greatest common factor of 8 and 344?
8
Calculate the greatest common divisor of 2926 and 770.
154
What is the greatest common factor of 528 and 66?
66
Calculate the highest common divisor of 49 and 196.
49
What is the greatest common divisor of 4131 and 102?
51
Calculate the greatest common divisor of 627 and 66.
33
What is the highest common divisor of 6293 and 2170?
217
Calculate the highest common factor of 368 and 690.
46
Calculate the greatest common divisor of 954 and 66.
6
Calculate the highest common factor of 46 and 9338.
46
Calculate the highest common divisor of 4460 and 20.
20
What is the greatest common divisor of 10 and 3310?
10
Calculate the greatest common factor of 1197 and 114.
57
What is the highest common factor of 66 and 209?
11
Calculate the highest common divisor of 50 and 350.
50
